{"id":55454,"date":"2026-05-11T12:32:09","date_gmt":"2026-05-11T10:32:09","guid":{"rendered":"https:\/\/web.palmaactiva.com\/?page_id=55454"},"modified":"2026-09-03T13:51:07","modified_gmt":"2026-09-03T11:51:07","slug":"psicoempren","status":"publish","type":"page","link":"https:\/\/web.palmaactiva.com\/es\/psicoempren\/","title":{"rendered":"PsicoEmprende \u00b7 Octubre 2026"},"content":{"rendered":"<strong>Desarrolla tu potencial, impulsa tu proyecto, transforma tu futuro.<\/strong><\/p>\n<p>Un programa pr\u00e1ctico de PalmaActiva, junto con el Colegio Oficial de Psicolog\u00eda de las Islas Baleares, que vuelve en su segunda edici\u00f3n para fortalecer tus competencias personales, gestionar tus emociones y liderar tu proyecto con prop\u00f3sito y sostenibilidad.<br \/>\n<a href=\"https:\/\/icpa.palma.cat\/icpafront\/curs\/6453\"><strong>\u00a1Inscripciones abiertas!<\/strong><\/a><\/p>\n<div class=\"su-row\"><div class=\"su-column su-column-size-1-2\"><div class=\"su-column-inner su-u-clearfix su-u-trim\"><a href=\"https:\/\/icpa.palma.cat\/icpafront\/curs\/6453\"><img decoding=\"async\" loading=\"lazy\" class=\"alignnone size-full wp-image-49593\" src=\"https:\/\/web.palmaactiva.com\/wp-content\/uploads\/2026\/09\/CARTEL-CAST-scaled.jpg\" alt=\"\" width=\"1125\" height=\"2000\" \/><\/a><br \/>\n<\/div><\/div><div class=\"su-column su-column-size-1-2\"><div class=\"su-column-inner su-u-clearfix su-u-trim\">\n\n<div style=\"line-height: 1.4;\">\n<p><span style=\"color: #e03e52;\"><strong>\u00bfQu\u00e9 trabajar\u00e1s en el programa?<\/strong><\/span><br \/>\n<strong>Taller 1. Competencias emprendedoras<\/strong><br \/>\nConoce mejor tu proyecto, su prop\u00f3sito, misi\u00f3n y valores, e identifica tus competencias y las que necesitas desarrollar, incluida tu marca personal.<br \/>\n<strong>Taller 2. Gesti\u00f3n emocional<\/strong><br \/>\nAprende herramientas pr\u00e1cticas para gestionar emociones como el miedo, el bloqueo o la incertidumbre ante situaciones reales de emprendimiento.<br \/>\n<strong>Taller 3. Liderazgo y cambio<\/strong><br \/>\nDesarrolla un liderazgo consciente, aprende a gestionar el cambio y transforma lo aprendido en tu propio plan de acci\u00f3n.<\/p>\n<p><span style=\"color: #e03e52;\"><strong>Equipo profesional<\/strong><\/span><br \/>\nEl programa ser\u00e1 impartido por profesionales de la psicolog\u00eda colegiadas, especializadas en desarrollo personal y acompa\u00f1amiento a emprendedores: Eva Cobos Ferrer de Sant Jordi y Magdalena Cort\u00e9s Riera.<\/p>\n<p><span style=\"color: #e03e52;\"><strong>Fechas; horario y lugar<\/strong><\/span><br \/>\n6, 13 y 15 de octubre \u00a0\u00a0\u00a0 \u2022 \u00a0\u00a0\u00a0 De 9:30 a 12:30 h \u00a0\u00a0\u00a0 \u2022 \u00a0\u00a0\u00a0PalmaActiva<\/p>\n<p><span style=\"color: #e03e52;\"><strong>Plazas e inscripci\u00f3n<\/strong><\/span><br \/>\nLas plazas son limitadas (15 personas) y se asignar\u00e1n por orden de inscripci\u00f3n entre aquellas personas que participan en un proceso de creaci\u00f3n de empresas con PalmaActiva y que cumplan al menos uno de los siguientes requisitos:<br \/>\n\u2022 Haber recibido asesoramiento y realizado el plan de empresa.<br \/>\n\u2022 Haber tramitado el alta de aut\u00f3nomo\/a o SL en el PAE en los dos \u00faltimos a\u00f1os.<br \/>\n\u2022 Estar participando o haber participado en programa de mentorizaci\u00f3n.<br \/>\n\u2022 Haber realizado al menos dos acciones formativas de creaci\u00f3n de empresas<br \/>\n\u2022 Ser persona usuaria del centro de empresas.<\/p>\n<p>Se reservar\u00e1n dos plazas para personas que no sean usuarias de PalmaActiva y que tengan una empresa constituida o est\u00e9n dadas de alta como aut\u00f3nomas, siempre que se encuentren en una situaci\u00f3n de bloqueo en el desarrollo de su actividad.<\/p>\n<p>En estos casos, ser\u00e1 necesaria la realizaci\u00f3n de una entrevista de valoraci\u00f3n por parte del personal t\u00e9cnico de PalmaActiva para determinar la adecuaci\u00f3n al programa. Las entrevistas se realizar\u00e1n por orden de inscripci\u00f3n.<\/p>\n<p>Las personas inscritas que no cumplan los requisitos anteriores quedar\u00e1n en lista de espera.<\/p>\n<\/div>\n\n<p>&nbsp;<\/p>\n<div class=\"dt-service-more\" style=\"margin-bottom: 5px; margin-top: 5px; text-align: center;\"><a style=\"display: inline-flex; align-items: center; justify-content: center; padding: 10px 30px; border-radius: 2px; text-transform: uppercase; text-decoration: none; max-width: 100%; box-sizing: border-box; background-color: #e03e52; color: #ffffff;\" href=\"https:\/\/icpa.palma.cat\/icpafront\/curs\/6453\" target=\"_blank\" rel=\"noopener\"><br \/>\n<i class=\"fa fa-user-plus\" style=\"margin-right: 10px;\"><\/i><br \/>\n<span style=\"display: inline-flex; line-height: 1.5;\">Inscr\u00edbete<\/span><br \/>\n<\/a><\/div>\n<\/div><\/div><\/div>","protected":false},"excerpt":{"rendered":"<p>Desarrolla tu potencial, impulsa tu proyecto, transforma tu futuro. Un programa pr\u00e1ctico de PalmaActiva, junto con el Colegio Oficial de Psicolog\u00eda de las Islas Baleares, que vuelve en su segunda edici\u00f3n para fortalecer tus competencias personales, gestionar tus emociones y liderar tu proyecto con prop\u00f3sito y sostenibilidad. \u00a1Inscripciones abiertas!<\/p>\n","protected":false},"author":19,"featured_media":0,"parent":0,"menu_order":0,"comment_status":"closed","ping_status":"closed","template":"","meta":{"footnotes":""},"_links":{"self":[{"href":"https:\/\/web.palmaactiva.com\/es\/wp-json\/wp\/v2\/pages\/55454"}],"collection":[{"href":"https:\/\/web.palmaactiva.com\/es\/wp-json\/wp\/v2\/pages"}],"about":[{"href":"https:\/\/web.palmaactiva.com\/es\/wp-json\/wp\/v2\/types\/page"}],"author":[{"embeddable":true,"href":"https:\/\/web.palmaactiva.com\/es\/wp-json\/wp\/v2\/users\/19"}],"replies":[{"embeddable":true,"href":"https:\/\/web.palmaactiva.com\/es\/wp-json\/wp\/v2\/comments?post=55454"}],"version-history":[{"count":24,"href":"https:\/\/web.palmaactiva.com\/es\/wp-json\/wp\/v2\/pages\/55454\/revisions"}],"predecessor-version":[{"id":56636,"href":"https:\/\/web.palmaactiva.com\/es\/wp-json\/wp\/v2\/pages\/55454\/revisions\/56636"}],"wp:attachment":[{"href":"https:\/\/web.palmaactiva.com\/es\/wp-json\/wp\/v2\/media?parent=55454"}],"curies":[{"name":"wp","href":"https:\/\/api.w.org\/{rel}","templated":true}]}}

<strong>Desarrolla tu potencial, impulsa tu proyecto, transforma tu futuro.</strong></p>
<p>Un programa práctico de PalmaActiva, junto con el Colegio Oficial de Psicología de las Islas Baleares, que vuelve en su segunda edición para fortalecer tus competencias personales, gestionar tus emociones y liderar tu proyecto con propósito y sostenibilidad.<br />
<a href="https://icpa.palma.cat/icpafront/curs/6453"><strong>¡Inscripciones abiertas!</strong></a></p>
<div class="su-row"><div class="su-column su-column-size-1-2"><div class="su-column-inner su-u-clearfix su-u-trim"><a href="https://icpa.palma.cat/icpafront/curs/6453"><img decoding="async" loading="lazy" class="alignnone size-full wp-image-49593" src="https://web.palmaactiva.com/wp-content/uploads/2026/09/CARTEL-CAST-scaled.jpg" alt="" width="1125" height="2000" /></a><br />
</div></div><div class="su-column su-column-size-1-2"><div class="su-column-inner su-u-clearfix su-u-trim">

<div style="line-height: 1.4;">
<p><span style="color: #e03e52;"><strong>¿Qué trabajarás en el programa?</strong></span><br />
<strong>Taller 1. Competencias emprendedoras</strong><br />
Conoce mejor tu proyecto, su propósito, misión y valores, e identifica tus competencias y las que necesitas desarrollar, incluida tu marca personal.<br />
<strong>Taller 2. Gestión emocional</strong><br />
Aprende herramientas prácticas para gestionar emociones como el miedo, el bloqueo o la incertidumbre ante situaciones reales de emprendimiento.<br />
<strong>Taller 3. Liderazgo y cambio</strong><br />
Desarrolla un liderazgo consciente, aprende a gestionar el cambio y transforma lo aprendido en tu propio plan de acción.</p>
<p><span style="color: #e03e52;"><strong>Equipo profesional</strong></span><br />
El programa será impartido por profesionales de la psicología colegiadas, especializadas en desarrollo personal y acompañamiento a emprendedores: Eva Cobos Ferrer de Sant Jordi y Magdalena Cortés Riera.</p>
<p><span style="color: #e03e52;"><strong>Fechas; horario y lugar</strong></span><br />
6, 13 y 15 de octubre     •     De 9:30 a 12:30 h     •    PalmaActiva</p>
<p><span style="color: #e03e52;"><strong>Plazas e inscripción</strong></span><br />
Las plazas son limitadas (15 personas) y se asignarán por orden de inscripción entre aquellas personas que participan en un proceso de creación de empresas con PalmaActiva y que cumplan al menos uno de los siguientes requisitos:<br />
• Haber recibido asesoramiento y realizado el plan de empresa.<br />
• Haber tramitado el alta de autónomo/a o SL en el PAE en los dos últimos años.<br />
• Estar participando o haber participado en programa de mentorización.<br />
• Haber realizado al menos dos acciones formativas de creación de empresas<br />
• Ser persona usuaria del centro de empresas.</p>
<p>Se reservarán dos plazas para personas que no sean usuarias de PalmaActiva y que tengan una empresa constituida o estén dadas de alta como autónomas, siempre que se encuentren en una situación de bloqueo en el desarrollo de su actividad.</p>
<p>En estos casos, será necesaria la realización de una entrevista de valoración por parte del personal técnico de PalmaActiva para determinar la adecuación al programa. Las entrevistas se realizarán por orden de inscripción.</p>
<p>Las personas inscritas que no cumplan los requisitos anteriores quedarán en lista de espera.</p>
</div>

<p>&nbsp;</p>
<div class="dt-service-more" style="margin-bottom: 5px; margin-top: 5px; text-align: center;"><a style="display: inline-flex; align-items: center; justify-content: center; padding: 10px 30px; border-radius: 2px; text-transform: uppercase; text-decoration: none; max-width: 100%; box-sizing: border-box; background-color: #e03e52; color: #ffffff;" href="https://icpa.palma.cat/icpafront/curs/6453" target="_blank" rel="noopener"><br />
<i class="fa fa-user-plus" style="margin-right: 10px;"></i><br />
<span style="display: inline-flex; line-height: 1.5;">Inscríbete</span><br />
</a></div>
</div></div></div>

<p>Desarrolla tu potencial, impulsa tu proyecto, transforma tu futuro. Un programa práctico de PalmaActiva, junto con el Colegio Oficial de Psicología de las Islas Baleares, que vuelve en su segunda edición para fortalecer tus competencias personales, gestionar tus emociones y liderar tu proyecto con propósito y sostenibilidad. ¡Inscripciones abiertas!</p>
