{"id":52127,"date":"2024-10-20T11:15:01","date_gmt":"2024-10-20T09:15:01","guid":{"rendered":"https:\/\/web.palmaactiva.com\/?page_id=52127"},"modified":"2025-10-08T13:43:30","modified_gmt":"2025-10-08T11:43:30","slug":"jornada-de-seleccio-decathlon","status":"publish","type":"page","link":"https:\/\/web.palmaactiva.com\/es\/buscar-trabajadores\/jornadas-de-seleccion\/jornada-de-seleccio-decathlon\/","title":{"rendered":"Jornada de selecci\u00f3n DECATHLONAntigua"},"content":{"rendered":"<p><img decoding=\"async\" loading=\"lazy\" class=\"alignnone wp-image-44741 size-full\" src=\"https:\/\/web.palmaactiva.com\/wp-content\/uploads\/2024\/10\/banner-decathlon.jpg\" alt=\"\" width=\"2176\" height=\"1137\" \/><br \/>\n<\/br><\/p>\n<h2><span style=\"color: #3643ba;\"><strong>\u00bfTe apasiona el deporte y la atenci\u00f3n al cliente?<\/strong><\/span><\/strong><\/span><\/h2>\n<p>\n\nInscr\u00edbete a la <span style=\"color: #3643ba;\"><strong>jornada de selecci\u00f3n de DECATHLON<\/strong><\/span>, que tendr\u00e1 lugar el pr\u00f3ximo d\u00eda <span style=\"color: #3643ba;\"><strong>06 de noviembre<\/strong><\/span> en PalmaActiva (calle Socorro, 22).<\/p>\n<p>En DECATHLON buscamos personas para que se unan a nuestro equipo como <span style=\"color: #3643ba;\"><strong>vendedores\/as deportistas<\/strong><\/span>, que sean apasionadas del deporte, que incorporen la actividad f\u00edsica y el deporte en su d\u00eda a d\u00eda y que les guste compartirla&#8230; Que sean apasionados\/as por el producto y la venta para ofrecer la mejor oferta y la mejor experiencia a nuestra clientela deportista.<\/p>\n<p>DECATHLON te acompa\u00f1a en tu aprendizaje continuo, en tu plan de desarrollo\/carrera profesional, en un entorno donde se favorece la promoci\u00f3n interna y la igualdad de oportunidades, y donde tendr\u00e1s <span style=\"color: #3643ba;\"><strong>numerosos beneficios personales<\/strong><\/span> (seguro de vida, condiciones especiales en seguro de salud, convenios con empresas para facilitar la pr\u00e1ctica de tu deporte).<\/p>\n\n<strong><span style=\"color: #e03e52;\">IMPORTANTE:<\/span><\/strong> PARA PARTICIPAR TIENES QUE PREINSCRIBIRTE A LA JORNADA.\n<p>&nbsp;<\/p>\n<p><iframe loading=\"lazy\" src=\"https:\/\/docs.google.com\/forms\/d\/e\/1FAIpQLSdu9AYWA-5nLbeecWXg-Skqje-x5NseSqtXif7rEZF9_AbfWw\/viewform?embedded=true\" width=\"100%\" height=\"3841\" frameborder=\"0\" marginwidth=\"0\" marginheight=\"0\">Cargando\u2026<\/iframe><\/p>","protected":false},"excerpt":{"rendered":"<p>\u00bfTe apasiona el deporte y la atenci\u00f3n al cliente? Inscr\u00edbete a la jornada de selecci\u00f3n de DECATHLON, que tendr\u00e1 lugar el pr\u00f3ximo d\u00eda 06 de noviembre en PalmaActiva (calle Socorro, 22). En DECATHLON buscamos personas para que se unan a nuestro equipo como vendedores\/as deportistas, que sean apasionadas del deporte, que incorporen la actividad f\u00edsica [&hellip;]<\/p>\n","protected":false},"author":1,"featured_media":0,"parent":603,"menu_order":0,"comment_status":"closed","ping_status":"closed","template":"","meta":{"footnotes":""},"_links":{"self":[{"href":"https:\/\/web.palmaactiva.com\/es\/wp-json\/wp\/v2\/pages\/52127"}],"collection":[{"href":"https:\/\/web.palmaactiva.com\/es\/wp-json\/wp\/v2\/pages"}],"about":[{"href":"https:\/\/web.palmaactiva.com\/es\/wp-json\/wp\/v2\/types\/page"}],"author":[{"embeddable":true,"href":"https:\/\/web.palmaactiva.com\/es\/wp-json\/wp\/v2\/users\/1"}],"replies":[{"embeddable":true,"href":"https:\/\/web.palmaactiva.com\/es\/wp-json\/wp\/v2\/comments?post=52127"}],"version-history":[{"count":44,"href":"https:\/\/web.palmaactiva.com\/es\/wp-json\/wp\/v2\/pages\/52127\/revisions"}],"predecessor-version":[{"id":52173,"href":"https:\/\/web.palmaactiva.com\/es\/wp-json\/wp\/v2\/pages\/52127\/revisions\/52173"}],"up":[{"embeddable":true,"href":"https:\/\/web.palmaactiva.com\/es\/wp-json\/wp\/v2\/pages\/603"}],"wp:attachment":[{"href":"https:\/\/web.palmaactiva.com\/es\/wp-json\/wp\/v2\/media?parent=52127"}],"curies":[{"name":"wp","href":"https:\/\/api.w.org\/{rel}","templated":true}]}}

Jornada de selección DECATHLONAntigua

<p><img decoding="async" loading="lazy" class="alignnone wp-image-44741 size-full" src="https://web.palmaactiva.com/wp-content/uploads/2024/10/banner-decathlon.jpg" alt="" width="2176" height="1137" /><br />
</br></p>
<h2><span style="color: #3643ba;"><strong>¿Te apasiona el deporte y la atención al cliente?</strong></span></strong></span></h2>
<p>

Inscríbete a la <span style="color: #3643ba;"><strong>jornada de selección de DECATHLON</strong></span>, que tendrá lugar el próximo día <span style="color: #3643ba;"><strong>06 de noviembre</strong></span> en PalmaActiva (calle Socorro, 22).</p>
<p>En DECATHLON buscamos personas para que se unan a nuestro equipo como <span style="color: #3643ba;"><strong>vendedores/as deportistas</strong></span>, que sean apasionadas del deporte, que incorporen la actividad física y el deporte en su día a día y que les guste compartirla&#8230; Que sean apasionados/as por el producto y la venta para ofrecer la mejor oferta y la mejor experiencia a nuestra clientela deportista.</p>
<p>DECATHLON te acompaña en tu aprendizaje continuo, en tu plan de desarrollo/carrera profesional, en un entorno donde se favorece la promoción interna y la igualdad de oportunidades, y donde tendrás <span style="color: #3643ba;"><strong>numerosos beneficios personales</strong></span> (seguro de vida, condiciones especiales en seguro de salud, convenios con empresas para facilitar la práctica de tu deporte).</p>

<strong><span style="color: #e03e52;">IMPORTANTE:</span></strong> PARA PARTICIPAR TIENES QUE PREINSCRIBIRTE A LA JORNADA.
<p>&nbsp;</p>
<p><iframe loading="lazy" src="https://docs.google.com/forms/d/e/1FAIpQLSdu9AYWA-5nLbeecWXg-Skqje-x5NseSqtXif7rEZF9_AbfWw/viewform?embedded=true" width="100%" height="3841" frameborder="0" marginwidth="0" marginheight="0">Cargando…</iframe></p>

<p>¿Te apasiona el deporte y la atención al cliente? Inscríbete a la jornada de selección de DECATHLON, que tendrá lugar el próximo día 06 de noviembre en PalmaActiva (calle Socorro, 22). En DECATHLON buscamos personas para que se unan a nuestro equipo como vendedores/as deportistas, que sean apasionadas del deporte, que incorporen la actividad física [&hellip;]</p>
