{"id":41370,"date":"2020-06-12T13:26:28","date_gmt":"2020-06-12T13:26:28","guid":{"rendered":"https:\/\/web.palmaactiva.com\/?page_id=41370"},"modified":"2020-07-24T06:42:00","modified_gmt":"2020-07-24T06:42:00","slug":"subvencions-per-a-autonoms-i-empreses","status":"publish","type":"page","link":"https:\/\/web.palmaactiva.com\/es\/subvencions-per-a-autonoms-i-empreses\/","title":{"rendered":"Subvenciones para aut\u00f3nomos y empresas"},"content":{"rendered":"<p>&nbsp;<\/p>\n<i class=\"fa fa-arrow-circle-right clarear\" aria-hidden=\"true\"><\/i><strong> Conselleria de Model Econ\u00f2mic, Turisme i Treball<\/strong><a style=\"color:#E03E52\";> (Fins dia 31 de desembre de 2020 o fins quan el cr\u00e8dit s&#8217;hagi exhaurit)<a><br \/>\n<a style=\"color:#E03E52\";><strong><a href=\"http:\/\/www.caib.es\/sites\/autonoms\/ca\/boib\/\">Bases reguladores i la convocat\u00f2ria extraordin\u00e0ria d\u2019ajuts per reiniciar o continuar l\u2019activitat per compte propi i consolidar el projecte d\u2019autoocupaci\u00f3, de les persones f\u00edsiques aut\u00f2noms afectats directament per la COVID-19<\/a><\/strong><\/a><\/p>\n<p><a style=\"color:#E03E52\";>Destinataris<\/a><br \/>\nPersones f\u00edsiques donades d\u2019alta en el r\u00e8gim d\u2019aut\u00f2noms (art. 2.A)<\/p>\n<h3><\/h3>\n<p><i class=\"fa fa-arrow-circle-right clarear\" aria-hidden=\"true\"><\/i><strong> PalmaActiva<\/strong><a style=\"color:#E03E52\";> (Finalitzat termini de presentaci\u00f3 de sol\u00b7licituds)<a><br \/>\n<a style=\"color:#E03E52\";><strong><a href=\"https:\/\/web.palmaactiva.com\/empresa\/comercio\/dinamizacion-comercial\/ayudas-para-el-pequeno-comercio\/\">Ajudes per al petit comer\u00e7<\/a><\/strong><\/a><\/p>\n<p><a style=\"color:#E03E52\";>Destinataris<\/a><br \/>\nPersones f\u00edsiques o jur\u00eddiques amb activitat mercantil que inici\u00efn o siguin titulars d\u2019una activitat comercial o de serveis situada a peu de carrer al municipi de Palma.<\/p>\n<p>Les subvencions per al petit comer\u00e7 s\u00f3n una l\u00ednia d\u2019ajudes directes que subvenciona fins al 80 % de les despeses que necessitis, fins a un m\u00e0xim de 2.300\u20ac per establiment, sempre que estiguin destinades a la innovaci\u00f3, la millora, la modernitzaci\u00f3 o la implantaci\u00f3 de nous comer\u00e7os.<br \/>\nL\u2019ajuda s\u2019amplia fins a 4.600\u20ac en el cas que la inversi\u00f3 es dediqui a eliminar barreres arquitect\u00f2niques.<br \/>\nSol\u00b7licituds en l\u00ednea  a trav\u00e9s de comerc@palmaactiva.com<\/p>\n<h3><\/h3>\n<p><i class=\"fa fa-arrow-circle-right clarear\" aria-hidden=\"true\"><\/i><strong> Direcci\u00f3 General de Comer\u00e7 \u2013 Govern Balear<\/strong><a style=\"color:#E03E52\";> (Finalitzat termini de presentaci\u00f3 de sol\u00b7licituds)<a><br \/>\n<a style=\"color:#E03E52\";><strong><a href=\"https:\/\/www.caib.es\/seucaib\/ca\/201\/empreses\/tramites\/tramite\/4217284\">Ajudes per a la mordernitzaci\u00f3 de les empreses comercials detallistes i determinats serveis, la continu\u00eftat dels establiments comercials i de serveis emblem\u00e0tics, amb especial atenci\u00f3 als afectats per la crisi de la COVID-19<\/a><\/strong><\/a><\/p>\n<p><a style=\"color:#E03E52\";>Destinataris<\/a><br \/>\nLes persones f\u00edsiques i jur\u00eddiques privades, les agrupacions de persones f\u00edsiques o jur\u00eddiques privades i les comunitats de b\u00e9ns o qualsevol altre tipus d&#8217;unitat econ\u00f2mica o patrimoni separat que, encara que no tenguin personalitat jur\u00eddica, puguin dur a terme les accions que es pretenen fomentar.<br \/>\nLes activitats incloses es detallen en el punt segon de l&#8217;annex 1 de la convocat\u00f2ria.<\/p>\n<h3><\/h3>\n<p><i class=\"fa fa-arrow-circle-right clarear\" aria-hidden=\"true\"><\/i><strong> Consell de Mallorca<\/strong><a style=\"color:#E03E52\";> (Fins a exhaurir el cr\u00e8dit pressupostari o fins dia 30 d\u2019octubre de 2020)<a><br \/>\n<a style=\"color:#E03E52\";><strong><a href=\"https:\/\/seu.conselldemallorca.net\/fitxa?key=52204\">Subvencions per a persones aut\u00f2nomes i empreses per contribuir a minimitzar l\u2019impacte econ\u00f2mic de la COVID-19<\/a><\/strong><\/a><\/p>\n<p><a style=\"color:#E03E52\";>Destinataris<\/a><br \/>\nPersones f\u00edsiques donades d\u2019alta en el r\u00e8gim d\u2019aut\u00f2noms i les empreses amb una plantilla de cinc persones o menys.<br \/>\nLes activitats incloses es detallen en l\u2019annex 1 d\u2019aquesta convocat\u00f2ria.<\/p>","protected":false},"excerpt":{"rendered":"<p>&nbsp; Conselleria de Model Econ\u00f2mic, Turisme i Treball (Fins dia 31 de desembre de 2020 o fins quan el cr\u00e8dit s&#8217;hagi exhaurit) Bases reguladores i la convocat\u00f2ria extraordin\u00e0ria d\u2019ajuts per reiniciar o continuar l\u2019activitat per compte propi i consolidar el projecte d\u2019autoocupaci\u00f3, de les persones f\u00edsiques aut\u00f2noms afectats directament per la COVID-19 Destinataris Persones f\u00edsiques [&hellip;]<\/p>\n","protected":false},"author":9,"featured_media":0,"parent":0,"menu_order":0,"comment_status":"closed","ping_status":"closed","template":"","meta":{"footnotes":""},"_links":{"self":[{"href":"https:\/\/web.palmaactiva.com\/es\/wp-json\/wp\/v2\/pages\/41370"}],"collection":[{"href":"https:\/\/web.palmaactiva.com\/es\/wp-json\/wp\/v2\/pages"}],"about":[{"href":"https:\/\/web.palmaactiva.com\/es\/wp-json\/wp\/v2\/types\/page"}],"author":[{"embeddable":true,"href":"https:\/\/web.palmaactiva.com\/es\/wp-json\/wp\/v2\/users\/9"}],"replies":[{"embeddable":true,"href":"https:\/\/web.palmaactiva.com\/es\/wp-json\/wp\/v2\/comments?post=41370"}],"version-history":[{"count":6,"href":"https:\/\/web.palmaactiva.com\/es\/wp-json\/wp\/v2\/pages\/41370\/revisions"}],"predecessor-version":[{"id":52348,"href":"https:\/\/web.palmaactiva.com\/es\/wp-json\/wp\/v2\/pages\/41370\/revisions\/52348"}],"wp:attachment":[{"href":"https:\/\/web.palmaactiva.com\/es\/wp-json\/wp\/v2\/media?parent=41370"}],"curies":[{"name":"wp","href":"https:\/\/api.w.org\/{rel}","templated":true}]}}

Subvenciones para autónomos y empresas

<p>&nbsp;</p>
<i class="fa fa-arrow-circle-right clarear" aria-hidden="true"></i><strong> Conselleria de Model Econòmic, Turisme i Treball</strong><a style="color:#E03E52";> (Fins dia 31 de desembre de 2020 o fins quan el crèdit s&#8217;hagi exhaurit)<a><br />
<a style="color:#E03E52";><strong><a href="http://www.caib.es/sites/autonoms/ca/boib/">Bases reguladores i la convocatòria extraordinària d’ajuts per reiniciar o continuar l’activitat per compte propi i consolidar el projecte d’autoocupació, de les persones físiques autònoms afectats directament per la COVID-19</a></strong></a></p>
<p><a style="color:#E03E52";>Destinataris</a><br />
Persones físiques donades d’alta en el règim d’autònoms (art. 2.A)</p>
<h3></h3>
<p><i class="fa fa-arrow-circle-right clarear" aria-hidden="true"></i><strong> PalmaActiva</strong><a style="color:#E03E52";> (Finalitzat termini de presentació de sol·licituds)<a><br />
<a style="color:#E03E52";><strong><a href="https://web.palmaactiva.com/empresa/comercio/dinamizacion-comercial/ayudas-para-el-pequeno-comercio/">Ajudes per al petit comerç</a></strong></a></p>
<p><a style="color:#E03E52";>Destinataris</a><br />
Persones físiques o jurídiques amb activitat mercantil que iniciïn o siguin titulars d’una activitat comercial o de serveis situada a peu de carrer al municipi de Palma.</p>
<p>Les subvencions per al petit comerç són una línia d’ajudes directes que subvenciona fins al 80 % de les despeses que necessitis, fins a un màxim de 2.300€ per establiment, sempre que estiguin destinades a la innovació, la millora, la modernització o la implantació de nous comerços.<br />
L’ajuda s’amplia fins a 4.600€ en el cas que la inversió es dediqui a eliminar barreres arquitectòniques.<br />
Sol·licituds en línea  a través de comerc@palmaactiva.com</p>
<h3></h3>
<p><i class="fa fa-arrow-circle-right clarear" aria-hidden="true"></i><strong> Direcció General de Comerç – Govern Balear</strong><a style="color:#E03E52";> (Finalitzat termini de presentació de sol·licituds)<a><br />
<a style="color:#E03E52";><strong><a href="https://www.caib.es/seucaib/ca/201/empreses/tramites/tramite/4217284">Ajudes per a la mordernització de les empreses comercials detallistes i determinats serveis, la continuïtat dels establiments comercials i de serveis emblemàtics, amb especial atenció als afectats per la crisi de la COVID-19</a></strong></a></p>
<p><a style="color:#E03E52";>Destinataris</a><br />
Les persones físiques i jurídiques privades, les agrupacions de persones físiques o jurídiques privades i les comunitats de béns o qualsevol altre tipus d&#8217;unitat econòmica o patrimoni separat que, encara que no tenguin personalitat jurídica, puguin dur a terme les accions que es pretenen fomentar.<br />
Les activitats incloses es detallen en el punt segon de l&#8217;annex 1 de la convocatòria.</p>
<h3></h3>
<p><i class="fa fa-arrow-circle-right clarear" aria-hidden="true"></i><strong> Consell de Mallorca</strong><a style="color:#E03E52";> (Fins a exhaurir el crèdit pressupostari o fins dia 30 d’octubre de 2020)<a><br />
<a style="color:#E03E52";><strong><a href="https://seu.conselldemallorca.net/fitxa?key=52204">Subvencions per a persones autònomes i empreses per contribuir a minimitzar l’impacte econòmic de la COVID-19</a></strong></a></p>
<p><a style="color:#E03E52";>Destinataris</a><br />
Persones físiques donades d’alta en el règim d’autònoms i les empreses amb una plantilla de cinc persones o menys.<br />
Les activitats incloses es detallen en l’annex 1 d’aquesta convocatòria.</p>

<p>&nbsp; Conselleria de Model Econòmic, Turisme i Treball (Fins dia 31 de desembre de 2020 o fins quan el crèdit s&#8217;hagi exhaurit) Bases reguladores i la convocatòria extraordinària d’ajuts per reiniciar o continuar l’activitat per compte propi i consolidar el projecte d’autoocupació, de les persones físiques autònoms afectats directament per la COVID-19 Destinataris Persones físiques [&hellip;]</p>
