{"id":26086,"date":"2019-05-14T11:09:29","date_gmt":"2019-05-14T11:09:29","guid":{"rendered":"https:\/\/web.palmaactiva.com\/?page_id=26086"},"modified":"2019-05-15T06:40:27","modified_gmt":"2019-05-15T06:40:27","slug":"jornada-de-seleccio-per-a-starbucks-2","status":"publish","type":"page","link":"https:\/\/web.palmaactiva.com\/es\/buscar-trabajadores\/jornadas-de-seleccion\/jornada-de-seleccio-per-a-starbucks-2\/","title":{"rendered":"Jornada de selecci\u00f3n para Starbucks"},"content":{"rendered":"<img decoding=\"async\" loading=\"lazy\" src=\"https:\/\/web.palmaactiva.com\/wp-content\/uploads\/2019\/05\/Banner_Starbucks_FB_ES.jpg\" alt=\"\" width=\"1200\" height=\"627\" class=\"alignleft size-full wp-image-26091\" \/>\n&nbsp;<\/p>\n<h3>Si quieres trabajar en el sector de restauraci\u00f3n y cumples con el perfil que a continuaci\u00f3n describimos, preinscr\u00edbete en la jornada de selecci\u00f3n de la empresa STARBUCKS para trabajar en cualquiera de sus tiendas durante el verano (CC Fan, Palma centro o Calvi\u00e1), que tendr\u00e1 lugar los pr\u00f3ximos d\u00edas 28 y 29 de Mayo en PalmaActiva.<\/h3>\n<h4>Baristas<\/h4>\n<strong>Funciones<\/strong>:<\/p>\n<ul>\n<li>Recepcionar el producto y descargarlo en el almac\u00e9n\/c\u00e1mara.<\/li>\n<li>Distribuir y colocar el producto en la tienda.<\/li>\n<li>Conocer las recetas para la elaboraci\u00f3n de caf\u00e9s, t\u00e9s, infusiones y alimentos.<\/li>\n<li>Preparar los productos y materiales necesarios para la elaboraci\u00f3n de bebidas y alimentos.<\/li>\n<li>Elaborar los caf\u00e9s, t\u00e9s e infusiones.<\/li>\n<li>Mantener el espacio limpio as\u00ed como mantener las herramientas y m\u00e1quinas de trabajo ordenadas y en buen estado.<\/li>\n<li>Atender y asesorar al cliente en relaci\u00f3n a los productos.<\/li>\n<\/ul>\n<p><strong>Requisitos<\/strong>: <\/p>\n<ul>\n<li>Estudios m\u00ednimos de Bachillerato o FP Grado Medio o Superior.<\/li>\n<li>Nivel de conocimientos alto\/dominio de espa\u00f1ol y medio\/alto de catal\u00e1n e ingl\u00e9s.<\/li>\n<li>Veh\u00edculo propio.<\/li>\n<\/ul>\n<p><strong>Condiciones<\/strong>: contrato temporal y jornada parcial\/completa. Salario seg\u00fan convenio propio de la empresa.<br \/>\n\n<div class=\"su-note\"  style=\"border-color:#e5bfc5;border-radius:3px;-moz-border-radius:3px;-webkit-border-radius:3px;\"><div class=\"su-note-inner su-u-clearfix su-u-trim\" style=\"background-color:#ffd9df;border-color:#ffffff;color:#333333;border-radius:3px;-moz-border-radius:3px;-webkit-border-radius:3px;\"><strong>Importante<\/strong>: para participar hay que hacer una preinscripci\u00f3n y si cumples con el perfil requerido te convocaremos a la jornada. \u00a1Preinscr\u00edbete!<\/div><\/div>\n<iframe loading=\"lazy\" src=\"https:\/\/docs.google.com\/forms\/d\/e\/1FAIpQLSemXim1Rs0vmCB3v7AxR_pTyihn6auvczNwt3MkGQkCj2c85A\/viewform?embedded=true\" width=\"100%\" height=\"2172\" frameborder=\"0\" marginheight=\"0\" marginwidth=\"0\">Cargando&#8230;<\/iframe><\/p>","protected":false},"excerpt":{"rendered":"<p>&nbsp; Si quieres trabajar en el sector de restauraci\u00f3n y cumples con el perfil que a continuaci\u00f3n describimos, preinscr\u00edbete en la jornada de selecci\u00f3n de la empresa STARBUCKS para trabajar en cualquiera de sus tiendas durante el verano (CC Fan, Palma centro o Calvi\u00e1), que tendr\u00e1 lugar los pr\u00f3ximos d\u00edas 28 y 29 de Mayo [&hellip;]<\/p>\n","protected":false},"author":1,"featured_media":0,"parent":603,"menu_order":0,"comment_status":"closed","ping_status":"closed","template":"","meta":{"footnotes":""},"_links":{"self":[{"href":"https:\/\/web.palmaactiva.com\/es\/wp-json\/wp\/v2\/pages\/26086"}],"collection":[{"href":"https:\/\/web.palmaactiva.com\/es\/wp-json\/wp\/v2\/pages"}],"about":[{"href":"https:\/\/web.palmaactiva.com\/es\/wp-json\/wp\/v2\/types\/page"}],"author":[{"embeddable":true,"href":"https:\/\/web.palmaactiva.com\/es\/wp-json\/wp\/v2\/users\/1"}],"replies":[{"embeddable":true,"href":"https:\/\/web.palmaactiva.com\/es\/wp-json\/wp\/v2\/comments?post=26086"}],"version-history":[{"count":5,"href":"https:\/\/web.palmaactiva.com\/es\/wp-json\/wp\/v2\/pages\/26086\/revisions"}],"predecessor-version":[{"id":26096,"href":"https:\/\/web.palmaactiva.com\/es\/wp-json\/wp\/v2\/pages\/26086\/revisions\/26096"}],"up":[{"embeddable":true,"href":"https:\/\/web.palmaactiva.com\/es\/wp-json\/wp\/v2\/pages\/603"}],"wp:attachment":[{"href":"https:\/\/web.palmaactiva.com\/es\/wp-json\/wp\/v2\/media?parent=26086"}],"curies":[{"name":"wp","href":"https:\/\/api.w.org\/{rel}","templated":true}]}}

Jornada de selección para Starbucks

<img decoding="async" loading="lazy" src="https://web.palmaactiva.com/wp-content/uploads/2019/05/Banner_Starbucks_FB_ES.jpg" alt="" width="1200" height="627" class="alignleft size-full wp-image-26091" />
&nbsp;</p>
<h3>Si quieres trabajar en el sector de restauración y cumples con el perfil que a continuación describimos, preinscríbete en la jornada de selección de la empresa STARBUCKS para trabajar en cualquiera de sus tiendas durante el verano (CC Fan, Palma centro o Calviá), que tendrá lugar los próximos días 28 y 29 de Mayo en PalmaActiva.</h3>
<h4>Baristas</h4>
<strong>Funciones</strong>:</p>
<ul>
<li>Recepcionar el producto y descargarlo en el almacén/cámara.</li>
<li>Distribuir y colocar el producto en la tienda.</li>
<li>Conocer las recetas para la elaboración de cafés, tés, infusiones y alimentos.</li>
<li>Preparar los productos y materiales necesarios para la elaboración de bebidas y alimentos.</li>
<li>Elaborar los cafés, tés e infusiones.</li>
<li>Mantener el espacio limpio así como mantener las herramientas y máquinas de trabajo ordenadas y en buen estado.</li>
<li>Atender y asesorar al cliente en relación a los productos.</li>
</ul>
<p><strong>Requisitos</strong>: </p>
<ul>
<li>Estudios mínimos de Bachillerato o FP Grado Medio o Superior.</li>
<li>Nivel de conocimientos alto/dominio de español y medio/alto de catalán e inglés.</li>
<li>Vehículo propio.</li>
</ul>
<p><strong>Condiciones</strong>: contrato temporal y jornada parcial/completa. Salario según convenio propio de la empresa.<br />

<div class="su-note"  style="border-color:#e5bfc5;border-radius:3px;-moz-border-radius:3px;-webkit-border-radius:3px;"><div class="su-note-inner su-u-clearfix su-u-trim" style="background-color:#ffd9df;border-color:#ffffff;color:#333333;border-radius:3px;-moz-border-radius:3px;-webkit-border-radius:3px;"><strong>Importante</strong>: para participar hay que hacer una preinscripción y si cumples con el perfil requerido te convocaremos a la jornada. ¡Preinscríbete!</div></div>
<iframe loading="lazy" src="https://docs.google.com/forms/d/e/1FAIpQLSemXim1Rs0vmCB3v7AxR_pTyihn6auvczNwt3MkGQkCj2c85A/viewform?embedded=true" width="100%" height="2172" frameborder="0" marginheight="0" marginwidth="0">Cargando&#8230;</iframe></p>

<p>&nbsp; Si quieres trabajar en el sector de restauración y cumples con el perfil que a continuación describimos, preinscríbete en la jornada de selección de la empresa STARBUCKS para trabajar en cualquiera de sus tiendas durante el verano (CC Fan, Palma centro o Calviá), que tendrá lugar los próximos días 28 y 29 de Mayo [&hellip;]</p>
