{"id":20890,"date":"2019-01-28T08:19:33","date_gmt":"2019-01-28T08:19:33","guid":{"rendered":"https:\/\/web.palmaactiva.com\/?page_id=20890"},"modified":"2019-01-28T08:46:58","modified_gmt":"2019-01-28T08:46:58","slug":"lanzadera-de-empleo-palma-2019","status":"publish","type":"page","link":"https:\/\/web.palmaactiva.com\/es\/empleo\/lanzadera-de-empleo-palma-2019\/","title":{"rendered":"Lanzadera de Empleo Palma 2019"},"content":{"rendered":"<h3>\u00bfEst\u00e1s desempleado\/a y buscas trabajo? \u00a1La Lanzadera de Empleo es tu oportunidad!<\/h3>\n<p><img decoding=\"async\" loading=\"lazy\" class=\"size-full wp-image-20892 aligncenter\" src=\"https:\/\/web.palmaactiva.com\/wp-content\/uploads\/2019\/01\/Palma19-Cartel-RRSS.jpg\" alt=\"\" width=\"860\" height=\"614\" srcset=\"https:\/\/web.palmaactiva.com\/wp-content\/uploads\/2019\/01\/Palma19-Cartel-RRSS.jpg 860w, https:\/\/web.palmaactiva.com\/wp-content\/uploads\/2019\/01\/Palma19-Cartel-RRSS-300x214.jpg 300w, https:\/\/web.palmaactiva.com\/wp-content\/uploads\/2019\/01\/Palma19-Cartel-RRSS-768x548.jpg 768w\" sizes=\"(max-width: 860px) 100vw, 860px\" \/><br \/>\nSi est\u00e1s en paro y est\u00e1s buscando trabajo, te animamos a participar en la nueva Lanzadera de Empleo de Palma de Mallorca. Est\u00e1 impulsada por el Ayuntamiento de la ciudad \u2013 a trav\u00e9s de PalmaActiva- , Fundaci\u00f3n Santa Mar\u00eda la Real y Fundaci\u00f3n Telef\u00f3nica, con la cofinanciaci\u00f3n del Fondo Social Europeo, dentro del Programa Operativo POISES.<\/p>\n<h4>\u00bfEn qu\u00e9 consiste este programa?<\/h4>\n<p>Se trata de ORIENTAR a 20 personas desempleadas para activar y optimizar su b\u00fasqueda de trabajo, manejando nuevas t\u00e9cnicas y herramientas, acordes al nuevo mercado laboral y las necesidades de las empresas.<\/p>\n<p>No estar\u00e1s solo\/a en la b\u00fasqueda de trabajo. Contar\u00e1s con la ayuda de un\/a t\u00e9cnico y orientador\/a profesional. Contigo estar\u00e1n tambi\u00e9n otras personas desempleadas, que os ayudar\u00e9is mutuamente a buscar trabajo. \u00a1Juntos\/as, las oportunidades se multiplican!<\/p>\n<h4>\u00bfQu\u00e9 actividades har\u00e1s en la Lanzadera?<\/h4>\n<ul>\n<li>Aprender\u00e1s a actualizar tu curr\u00edculum y entrenar\u00e1s procesos de selecci\u00f3n reales, con simulaciones de entrevistas de trabajo.<\/li>\n<li>Conocer\u00e1s nuevas t\u00e9cnicas de comunicaci\u00f3n y marca personal, para saber presentarte mejor a un puesto de trabajo.<\/li>\n<li>Reforzar\u00e1s la b\u00fasqueda de empleo en Internet, en portales de empleo y redes sociales, con talleres para manejarlas correctamente.<\/li>\n<li>Todos juntos har\u00e9is un rastreo de empresas del entorno y las visitar\u00e9is para daros a conocer como profesionales.<\/li>\n<li>Es TOTALMENTE GRATUITO.<\/li>\n<\/ul>\n<h4>\u00bfQu\u00e9 resultados tienen las Lanzaderas de Empleo?<\/h4>\n<p>Con este esquema han funcionado m\u00e1s de 500 Lanzaderas de Empleo por todo el pa\u00eds, con m\u00e1s de 11.000 participantes, de los cuales el 60% han conseguido modificar y mejorar su situaci\u00f3n laboral: encontrando un trabajo por cuenta ajena, promoviendo su propio negocio o realizando Certificados de Profesionalidad que conllevaban pr\u00e1cticas laborales.<\/p>\n<h4>\u00bfQui\u00e9n puede participar?<\/h4>\n<p>Podr\u00e1n participar hombres y mujeres con edades comprendidas entre los 18 y los 60 a\u00f1os que se encuentren en situaci\u00f3n de desempleo. Pueden tener cualquier nivel de estudios (Sin estudios, Graduado Social, ESO, Formaci\u00f3n Profesional, Bachiller, estudios universitarios\u2026) y proceder de cualquier sector laboral, tengan o no experiencia previa.<\/p>\n<p>El objetivo que se persigue con ello es conformar equipos lo m\u00e1s variados posibles, para que sus participantes no compitan entre s\u00ed por una misma oferta de trabajo; sino que compartan conocimientos y experiencias, y se apoyen mutuamente en la b\u00fasqueda de trabajo.<\/p>\n<h4>\u00bfTe animas a participar?<\/h4>\n<p>Dispones hasta el 6 de marzo de 2019(*) para inscribirte en la web del programa Lanzaderas (http:\/\/www.lanzaderasdeempleo.es\/formulario-de-inscripcion) y en formato presencial; solicitando, rellenando y entregando el correspondiente formulario de inscripci\u00f3n en la sede de Palma Activa (C\/ Socors, 22), en horario de 9 a 14 horas. Tambi\u00e9n puedes solicitar informaci\u00f3n en el tel\u00e9fono 971 22 59 00 (Ext. 3917).<\/p>\n<p>(*) Seg\u00fan lo recogido en las bases de la convocatoria y aprobado en los convenios alcanzados en cada una de las estas ciudades, una vez superadas las 500 inscripciones, Fundaci\u00f3n Santa Mar\u00eda la Real se reserva el derecho de cerrar el plazo de inscripci\u00f3n antes de la fecha oficialmente anunciada.<br \/>\n\n<div class=\"su-button-center\"><a href=\"http:\/\/www.lanzaderasdeempleo.es\/formulario-de-inscripcion\" class=\"su-button su-button-style-flat\" style=\"color:#ffffff;background-color:#ff5626;border-color:#cc451f;border-radius:10px;-moz-border-radius:10px;-webkit-border-radius:10px\" target=\"_blank\" rel=\"noopener noreferrer\"><span style=\"color:#ffffff;padding:8px 26px;font-size:20px;line-height:30px;border-color:#ff8968;border-radius:10px;-moz-border-radius:10px;-webkit-border-radius:10px;text-shadow:none;-moz-text-shadow:none;-webkit-text-shadow:none\"><i class=\"sui sui-sign-in\" style=\"font-size:20px;color:#FFFFFF\"><\/i> \u00a1S\u00ed, quiero participar!<\/span><\/a><\/div>\n<div class=\"su-divider su-divider-style-default\" style=\"margin:15px 0;border-width:1px;border-color:#ff683b\"><\/div>\n\n<h4>Respuestas a preguntas frecuentes<\/h4>\n<p>LA LANZADERA DE EMPLEO NO es un mero curso para actualizar el CV, sino un programa m\u00e1s completo e intensivo, en el que se aprende a buscar trabajo en teniendo en cuenta las coordenadas laborales actuales.<\/p>\n<p>LA LANZADERA DE EMPLEO NO es una agencia de colocaci\u00f3n en la que se dan ofertas de trabajo, sino que sus veinte participantes se ayudar\u00e1n mutuamente a buscar trabajo. No habr\u00e1 competencia, sino cultura colaborativa para salir del bache del desempleo.<\/p>\n<p>LA PARTICIPACI\u00d3N en la Lanzadera de Empleo es voluntaria, no est\u00e1 sujeta o condicionada por el mantenimiento de una ayuda o prestaci\u00f3n. Podr\u00e1n participar las personas que cumplan los requisitos y que as\u00ed lo deseen, cumpliendo las normas de asistencia y compromiso de colaboraci\u00f3n.<\/p>\n<p>LA PARTICIPACI\u00d3N en la Lanzadera de Empleo es gratuita. Las personas que integren el programa no tendr\u00e1n que pagar nada por la formaci\u00f3n que reciban durante este per\u00edodo; pero tampoco recibir\u00e1n remuneraci\u00f3n alguna.<\/p>\n<p>FORMAR PARTE de una Lanzadera de Empleo no impide participar posteriormente en \u201cGarant\u00eda Juvenil\u201d o en cualquier otro programa o iniciativa impulsado por los Servicios P\u00fablicos de Empleo.<br \/>","protected":false},"excerpt":{"rendered":"<p>\u00bfEst\u00e1s desempleado\/a y buscas trabajo? \u00a1La Lanzadera de Empleo es tu oportunidad! Si est\u00e1s en paro y est\u00e1s buscando trabajo, te animamos a participar en la nueva Lanzadera de Empleo de Palma de Mallorca. Est\u00e1 impulsada por el Ayuntamiento de la ciudad \u2013 a trav\u00e9s de PalmaActiva- , Fundaci\u00f3n Santa Mar\u00eda la Real y Fundaci\u00f3n [&hellip;]<\/p>\n","protected":false},"author":1,"featured_media":0,"parent":31,"menu_order":0,"comment_status":"closed","ping_status":"closed","template":"","meta":{"footnotes":""},"_links":{"self":[{"href":"https:\/\/web.palmaactiva.com\/es\/wp-json\/wp\/v2\/pages\/20890"}],"collection":[{"href":"https:\/\/web.palmaactiva.com\/es\/wp-json\/wp\/v2\/pages"}],"about":[{"href":"https:\/\/web.palmaactiva.com\/es\/wp-json\/wp\/v2\/types\/page"}],"author":[{"embeddable":true,"href":"https:\/\/web.palmaactiva.com\/es\/wp-json\/wp\/v2\/users\/1"}],"replies":[{"embeddable":true,"href":"https:\/\/web.palmaactiva.com\/es\/wp-json\/wp\/v2\/comments?post=20890"}],"version-history":[{"count":4,"href":"https:\/\/web.palmaactiva.com\/es\/wp-json\/wp\/v2\/pages\/20890\/revisions"}],"predecessor-version":[{"id":20896,"href":"https:\/\/web.palmaactiva.com\/es\/wp-json\/wp\/v2\/pages\/20890\/revisions\/20896"}],"up":[{"embeddable":true,"href":"https:\/\/web.palmaactiva.com\/es\/wp-json\/wp\/v2\/pages\/31"}],"wp:attachment":[{"href":"https:\/\/web.palmaactiva.com\/es\/wp-json\/wp\/v2\/media?parent=20890"}],"curies":[{"name":"wp","href":"https:\/\/api.w.org\/{rel}","templated":true}]}}

<h3>¿Estás desempleado/a y buscas trabajo? ¡La Lanzadera de Empleo es tu oportunidad!</h3>
<p><img decoding="async" loading="lazy" class="size-full wp-image-20892 aligncenter" src="https://web.palmaactiva.com/wp-content/uploads/2019/01/Palma19-Cartel-RRSS.jpg" alt="" width="860" height="614" srcset="https://web.palmaactiva.com/wp-content/uploads/2019/01/Palma19-Cartel-RRSS.jpg 860w, https://web.palmaactiva.com/wp-content/uploads/2019/01/Palma19-Cartel-RRSS-300x214.jpg 300w, https://web.palmaactiva.com/wp-content/uploads/2019/01/Palma19-Cartel-RRSS-768x548.jpg 768w" sizes="(max-width: 860px) 100vw, 860px" /><br />
Si estás en paro y estás buscando trabajo, te animamos a participar en la nueva Lanzadera de Empleo de Palma de Mallorca. Está impulsada por el Ayuntamiento de la ciudad – a través de PalmaActiva- , Fundación Santa María la Real y Fundación Telefónica, con la cofinanciación del Fondo Social Europeo, dentro del Programa Operativo POISES.</p>
<h4>¿En qué consiste este programa?</h4>
<p>Se trata de ORIENTAR a 20 personas desempleadas para activar y optimizar su búsqueda de trabajo, manejando nuevas técnicas y herramientas, acordes al nuevo mercado laboral y las necesidades de las empresas.</p>
<p>No estarás solo/a en la búsqueda de trabajo. Contarás con la ayuda de un/a técnico y orientador/a profesional. Contigo estarán también otras personas desempleadas, que os ayudaréis mutuamente a buscar trabajo. ¡Juntos/as, las oportunidades se multiplican!</p>
<h4>¿Qué actividades harás en la Lanzadera?</h4>
<ul>
<li>Aprenderás a actualizar tu currículum y entrenarás procesos de selección reales, con simulaciones de entrevistas de trabajo.</li>
<li>Conocerás nuevas técnicas de comunicación y marca personal, para saber presentarte mejor a un puesto de trabajo.</li>
<li>Reforzarás la búsqueda de empleo en Internet, en portales de empleo y redes sociales, con talleres para manejarlas correctamente.</li>
<li>Todos juntos haréis un rastreo de empresas del entorno y las visitaréis para daros a conocer como profesionales.</li>
<li>Es TOTALMENTE GRATUITO.</li>
</ul>
<h4>¿Qué resultados tienen las Lanzaderas de Empleo?</h4>
<p>Con este esquema han funcionado más de 500 Lanzaderas de Empleo por todo el país, con más de 11.000 participantes, de los cuales el 60% han conseguido modificar y mejorar su situación laboral: encontrando un trabajo por cuenta ajena, promoviendo su propio negocio o realizando Certificados de Profesionalidad que conllevaban prácticas laborales.</p>
<h4>¿Quién puede participar?</h4>
<p>Podrán participar hombres y mujeres con edades comprendidas entre los 18 y los 60 años que se encuentren en situación de desempleo. Pueden tener cualquier nivel de estudios (Sin estudios, Graduado Social, ESO, Formación Profesional, Bachiller, estudios universitarios…) y proceder de cualquier sector laboral, tengan o no experiencia previa.</p>
<p>El objetivo que se persigue con ello es conformar equipos lo más variados posibles, para que sus participantes no compitan entre sí por una misma oferta de trabajo; sino que compartan conocimientos y experiencias, y se apoyen mutuamente en la búsqueda de trabajo.</p>
<h4>¿Te animas a participar?</h4>
<p>Dispones hasta el 6 de marzo de 2019(*) para inscribirte en la web del programa Lanzaderas (http://www.lanzaderasdeempleo.es/formulario-de-inscripcion) y en formato presencial; solicitando, rellenando y entregando el correspondiente formulario de inscripción en la sede de Palma Activa (C/ Socors, 22), en horario de 9 a 14 horas. También puedes solicitar información en el teléfono 971 22 59 00 (Ext. 3917).</p>
<p>(*) Según lo recogido en las bases de la convocatoria y aprobado en los convenios alcanzados en cada una de las estas ciudades, una vez superadas las 500 inscripciones, Fundación Santa María la Real se reserva el derecho de cerrar el plazo de inscripción antes de la fecha oficialmente anunciada.<br />

<div class="su-button-center"><a href="http://www.lanzaderasdeempleo.es/formulario-de-inscripcion" class="su-button su-button-style-flat" style="color:#ffffff;background-color:#ff5626;border-color:#cc451f;border-radius:10px;-moz-border-radius:10px;-webkit-border-radius:10px" target="_blank" rel="noopener noreferrer"><span style="color:#ffffff;padding:8px 26px;font-size:20px;line-height:30px;border-color:#ff8968;border-radius:10px;-moz-border-radius:10px;-webkit-border-radius:10px;text-shadow:none;-moz-text-shadow:none;-webkit-text-shadow:none"><i class="sui sui-sign-in" style="font-size:20px;color:#FFFFFF"></i> ¡Sí, quiero participar!</span></a></div>
<div class="su-divider su-divider-style-default" style="margin:15px 0;border-width:1px;border-color:#ff683b"></div>

<h4>Respuestas a preguntas frecuentes</h4>
<p>LA LANZADERA DE EMPLEO NO es un mero curso para actualizar el CV, sino un programa más completo e intensivo, en el que se aprende a buscar trabajo en teniendo en cuenta las coordenadas laborales actuales.</p>
<p>LA LANZADERA DE EMPLEO NO es una agencia de colocación en la que se dan ofertas de trabajo, sino que sus veinte participantes se ayudarán mutuamente a buscar trabajo. No habrá competencia, sino cultura colaborativa para salir del bache del desempleo.</p>
<p>LA PARTICIPACIÓN en la Lanzadera de Empleo es voluntaria, no está sujeta o condicionada por el mantenimiento de una ayuda o prestación. Podrán participar las personas que cumplan los requisitos y que así lo deseen, cumpliendo las normas de asistencia y compromiso de colaboración.</p>
<p>LA PARTICIPACIÓN en la Lanzadera de Empleo es gratuita. Las personas que integren el programa no tendrán que pagar nada por la formación que reciban durante este período; pero tampoco recibirán remuneración alguna.</p>
<p>FORMAR PARTE de una Lanzadera de Empleo no impide participar posteriormente en “Garantía Juvenil” o en cualquier otro programa o iniciativa impulsado por los Servicios Públicos de Empleo.<br />

<p>¿Estás desempleado/a y buscas trabajo? ¡La Lanzadera de Empleo es tu oportunidad! Si estás en paro y estás buscando trabajo, te animamos a participar en la nueva Lanzadera de Empleo de Palma de Mallorca. Está impulsada por el Ayuntamiento de la ciudad – a través de PalmaActiva- , Fundación Santa María la Real y Fundación [&hellip;]</p>
